{"id":816,"date":"2023-01-08T22:25:03","date_gmt":"2023-01-08T21:25:03","guid":{"rendered":"http:\/\/academus.pl\/?page_id=816"},"modified":"2026-04-11T18:56:50","modified_gmt":"2026-04-11T16:56:50","slug":"kontakt","status":"publish","type":"page","link":"https:\/\/academus.pl\/?page_id=816","title":{"rendered":"kontakt"},"content":{"rendered":"\n<pre class=\"wp-block-verse has-black-color has-white-background-color has-text-color has-background has-link-color wp-elements-04c1d9c86a98533e9e48c47733a97460\"><strong>dane firmowe:<\/strong><br><br>Stadtm\u00fcller Miko\u0142aj NOCOB<br><br>ul. Kie\u0142ba\u015bnicza 23, 50-110 Wroc\u0142aw<br><br>NIP 9151528815<br><br>Regon 931929429<br><br>BDO: 000699029<br><br>konto bankowe:  PL 46 1050 1575 1000 0090 8524 2890 (kod BIC SWIFT) INGBPLPW<br><br><strong> <a href=\"https:\/\/paypal.me\/academus?locale.x=pl_PL&amp;country.x=PL\"><mark style=\"background-color:rgba(0, 0, 0, 0)\" class=\"has-inline-color has-luminous-vivid-amber-color\">>> PayPal  &lt;&lt;<\/mark><\/a><\/strong><br><br><strong>dane kontaktowe:<\/strong><br><br>tel. 0048 799.107.777<br><br>tel. 0048 608.142.388<br><br>____________________________<br><br>Cydrownia Ku\u017aniczysko<br><a href=\"http:\/\/www.cydr-tradycyjny.pl\">www.cydr-tradycyjny.pl<\/a><br>____________________________<br><br><br>e-mail: bar@academus.pl<br><br>e-dor\u0119czenia: AE:PL-15505-71171-DHJST-30 <br><\/pre>\n","protected":false},"excerpt":{"rendered":"<p>dane firmowe:Stadtm\u00fcller Miko\u0142aj NOCOBul. Kie\u0142ba\u015bnicza 23, 50-110 Wroc\u0142awNIP 9151528815Regon 931929429BDO: 000699029konto bankowe: PL 46 1050 1575 1000 0090 8524 2890 (kod BIC SWIFT) INGBPLPW >> PayPal &lt;&lt;dane kontaktowe:tel. 0048 799.107.777tel. 0048 608.142.388____________________________Cydrownia Ku\u017aniczyskowww.cydr-tradycyjny.pl____________________________e-mail: bar@academus.ple-dor\u0119czenia: AE:PL-15505-71171-DHJST-30<\/p>\n","protected":false},"author":1,"featured_media":0,"parent":0,"menu_order":0,"comment_status":"closed","ping_status":"closed","template":"","meta":{"footnotes":""},"class_list":["post-816","page","type-page","status-publish","hentry"],"_links":{"self":[{"href":"https:\/\/academus.pl\/index.php?rest_route=\/wp\/v2\/pages\/816","targetHints":{"allow":["GET"]}}],"collection":[{"href":"https:\/\/academus.pl\/index.php?rest_route=\/wp\/v2\/pages"}],"about":[{"href":"https:\/\/academus.pl\/index.php?rest_route=\/wp\/v2\/types\/page"}],"author":[{"embeddable":true,"href":"https:\/\/academus.pl\/index.php?rest_route=\/wp\/v2\/users\/1"}],"replies":[{"embeddable":true,"href":"https:\/\/academus.pl\/index.php?rest_route=%2Fwp%2Fv2%2Fcomments&post=816"}],"version-history":[{"count":50,"href":"https:\/\/academus.pl\/index.php?rest_route=\/wp\/v2\/pages\/816\/revisions"}],"predecessor-version":[{"id":1554,"href":"https:\/\/academus.pl\/index.php?rest_route=\/wp\/v2\/pages\/816\/revisions\/1554"}],"wp:attachment":[{"href":"https:\/\/academus.pl\/index.php?rest_route=%2Fwp%2Fv2%2Fmedia&parent=816"}],"curies":[{"name":"wp","href":"https:\/\/api.w.org\/{rel}","templated":true}]}}