{"id":40,"date":"2019-04-23T13:36:34","date_gmt":"2019-04-23T11:36:34","guid":{"rendered":"http:\/\/academus.pl\/?page_id=40"},"modified":"2025-11-03T15:59:50","modified_gmt":"2025-11-03T14:59:50","slug":"cafe-pub","status":"publish","type":"page","link":"https:\/\/academus.pl\/?page_id=40","title":{"rendered":"cafe\/pub"},"content":{"rendered":"\n<p class=\"has-text-align-left has-white-color has-black-background-color has-text-color has-background has-small-font-size\">Rezerwacje stolik\u00f3w s\u0105 bezp\u0142atne, jednak\u017ce utrzymywane do 15 minut od um\u00f3wionej godziny. Lokal dla os\u00f3b powy\u017cej 18 roku \u017cycia.  Wej\u015bcie z psem jest dozwolone, ale prosimy o wyrozumia\u0142o\u015b\u0107 wobec innych go\u015bci i pilnowanie jego zachowania. <\/p>\n\n\n\n<div data-wp-interactive=\"core\/file\" class=\"wp-block-file\"><object data-wp-bind--hidden=\"!state.hasPdfPreview\" hidden class=\"wp-block-file__embed\" data=\"http:\/\/academus.pl\/wp-content\/uploads\/menu-zk-11.25.pdf\" type=\"application\/pdf\" style=\"width:100%;height:600px\" aria-label=\"Osadzone z menu zk 11.25.\"><\/object><a id=\"wp-block-file--media-1be1ce81-fd20-4feb-9740-8e498a0ff011\" href=\"http:\/\/academus.pl\/wp-content\/uploads\/menu-zk-11.25.pdf\">menu zk 11.25<\/a><a href=\"http:\/\/academus.pl\/wp-content\/uploads\/menu-zk-11.25.pdf\" class=\"wp-block-file__button wp-element-button\" download aria-describedby=\"wp-block-file--media-1be1ce81-fd20-4feb-9740-8e498a0ff011\">Pobierz<\/a><\/div>\n","protected":false},"excerpt":{"rendered":"<p>Rezerwacje stolik\u00f3w s\u0105 bezp\u0142atne, jednak\u017ce utrzymywane do 15 minut od um\u00f3wionej godziny. Lokal dla os\u00f3b powy\u017cej 18 roku \u017cycia. Wej\u015bcie z psem jest dozwolone, ale prosimy o wyrozumia\u0142o\u015b\u0107 wobec innych go\u015bci i pilnowanie jego zachowania.<\/p>\n","protected":false},"author":1,"featured_media":0,"parent":0,"menu_order":0,"comment_status":"closed","ping_status":"closed","template":"","meta":{"footnotes":""},"class_list":["post-40","page","type-page","status-publish","hentry"],"_links":{"self":[{"href":"https:\/\/academus.pl\/index.php?rest_route=\/wp\/v2\/pages\/40","targetHints":{"allow":["GET"]}}],"collection":[{"href":"https:\/\/academus.pl\/index.php?rest_route=\/wp\/v2\/pages"}],"about":[{"href":"https:\/\/academus.pl\/index.php?rest_route=\/wp\/v2\/types\/page"}],"author":[{"embeddable":true,"href":"https:\/\/academus.pl\/index.php?rest_route=\/wp\/v2\/users\/1"}],"replies":[{"embeddable":true,"href":"https:\/\/academus.pl\/index.php?rest_route=%2Fwp%2Fv2%2Fcomments&post=40"}],"version-history":[{"count":47,"href":"https:\/\/academus.pl\/index.php?rest_route=\/wp\/v2\/pages\/40\/revisions"}],"predecessor-version":[{"id":1499,"href":"https:\/\/academus.pl\/index.php?rest_route=\/wp\/v2\/pages\/40\/revisions\/1499"}],"wp:attachment":[{"href":"https:\/\/academus.pl\/index.php?rest_route=%2Fwp%2Fv2%2Fmedia&parent=40"}],"curies":[{"name":"wp","href":"https:\/\/api.w.org\/{rel}","templated":true}]}}